758 + 19340. What is the hundreds digit of p?
0
Let d = -583 + 594. Suppose 15*x - 4047 = d*x + 5*h, 0 = -5*x - 4*h + 5069. What is the units digit of x?
3
Let p(l) = 24*l - 15. Let m = 42 - 35. Let n(i) = i**2 - 7*i + 4. Let o be n(m). What is the tens digit of p(o)?
8
Let q(c) be the third derivative of -c**6/20 - c**5/30 - c**4/12 + 27*c**2. Let i be q(-3). Suppose 0*d + i = d. What is the hundreds digit of d?
1
Let j(c) = c**2 - 9*c - 10. Let d = 96 + -86. Let z be j(d). Suppose -2*x = -3*n - 146, 0 = -3*x - z*x + n + 219. What is the units digit of x?
3
Let q = 511 + 717. Suppose 3*s - 921 = -6*n + 4*n, 0 = 4*s - 5*n - q. What is the hundreds digit of s?
3
Let h(x) = -230*x**3 + 4*x - 4. Let t be h(1). Let a = t + 289. What is the tens digit of a?
5
Let f(a) = 25*a**2 + 10*a + 22. Let q = 294 + -299. What is the units digit of f(q)?
7
What is the tens digit of (-114)/(-684) - 57137/(-6)?
2
Let u = -87 + 91. Suppose u*y = -5*q + 645, 5*y - 4*y = -q + 128. What is the hundreds digit of q?
1
Let l = -35125 + 70388. What is the tens digit of l?
6
Suppose 9*h = 11*h - 4*i - 216, -5*i - 123 = -h. Suppose -1131 - h = -2*p - c, 1224 = 2*p + 2*c. What is the hundreds digit of p?
6
Suppose -2*j - w + 282 = -637, -2*w - 2302 = -5*j. Suppose -3*r + j - 19 = 0. What is the tens digit of r?
4
Let p(b) = 89*b**2 - 18*b - 32. What is the ten thousands digit of p(-16)?
2
Let z(u) = -u**2 + 31*u - 102. Let t be z(27). Suppose -11*n + 5*r = -t*n - 660, -5*n + 663 = -4*r. What is the tens digit of n?
3
What is the hundreds digit of 4 - ((-395148)/17 + -21)?
2
Let n be -34*5/10 - -5. Let f(w) = -23*w + 46. What is the units digit of f(n)?
2
Let q be (-24)/8*(-4)/(-6) + -289. Let g = q - -520. What is the tens digit of g?
2
Let b(y) = -y**3 - 10*y**2 - 16*y + 29. Let j be b(-17). Suppose -63*d - j = -70*d. What is the units digit of d?
2
Let o be 29/9 + 2/(-9). Suppose 2*w - 30 = -4*s, -12 = 14*w - 18*w. Let g = o + s. What is the units digit of g?
9
What is the hundreds digit of (49 - 39) + (-3 - -254)?
2
Suppose -3*a + 29137 = -147*r + 148*r, 0 = -4*a - 8*r + 38876. What is the tens digit of a?
1
What is the hundreds digit of (-36250 - (29 - -1))*-1*1?
2
Suppose -6*d - 27779 = 3*v - 182765, v + 4*d = 51678. What is the tens digit of v?
4
Let u = -1 - 333. Let g = 1003 + u. What is the tens digit of g?
6
Suppose -309434 = -49*j - 65022. What is the hundreds digit of j?
9
Let s be (16/(-7 - -3))/(-5 - -3). Let q(z) = -8*z - 2*z**2 - 10 + s*z**2 - 2 + z**2. What is the hundreds digit of q(-11)?
1
Let j(d) = -11153*d. Let q be j(-8). What is the hundreds digit of 2/27 - q/(-513)?
1
Let o = 403 + -403. What is the thousands digit of ((-14)/(-5) + o)/((-3)/(-1770))?
1
What is the tens digit of 1785947/35 - -11 - 6/105?
3
Let d(j) = -602*j + 1383. What is the tens digit of d(-12)?
0
Suppose -x + 2*u = -25 + 7, 3*x = -3*u + 18. Suppose -2*b = -x, 6*c - 7*c - 3*b + 296 = 0. What is the tens digit of c?
8
Let p(k) = 2*k**3 + 3*k**2 - 34*k - 27. Let m(i) = i**3 + 2*i**2 - 17*i - 14. Let u(c) = -5*m(c) + 3*p(c). What is the hundreds digit of u(10)?
7
Suppose 0 = r, -2*u - 7*r + 11880 = -3*r. What is the units digit of u?
0
Let c = -3559 + 13733. What is the ten thousands digit of c?
1
Suppose -d - y + 348 = 0, -7*d + 3*d + 1428 = -5*y. Suppose -6*s + 5*s + d = -4*a, 2*a - 1426 = -4*s. What is the tens digit of s?
5
Let w be 3*(-1 + 12/9). Let o(p) = -2*p + 2 - p - p**2 - 123*p**3 + 4*p**2 - 2*p**2 + 167*p**3. What is the tens digit of o(w)?
4
Let z be (1 - 2) + (4 + -614 - 0). Let p = z - -1203. What is the tens digit of p?
9
Suppose 0 = -17*m - 508*m + 7474360 + 3339065. What is the thousands digit of m?
0
Let n be (-2 - -1)/(-1)*(-40 + 37). What is the units digit of (2 - 5)*(n + 1074/(-18))?
8
Suppose -19620 = -2*w - 0*w - 6094. What is the thousands digit of w?
6
Let c(z) = -2*z**3 + 21*z**2 - 10*z + 3. Let t be c(10). Suppose 5*p = t*w + 3389, p + 4*w - 610 - 77 = 0. What is the units digit of p?
9
Suppose 3*j + 0*f = 3*f + 1311, j - 3*f - 439 = 0. Let y = j + 0. What is the hundreds digit of y?
4
Suppose -b + 5775 = 5*x + 4*b, 2*b + 10 = 0. Suppose 59*w = 54*w + x. What is the tens digit of w?
3
Let a(n) = -276*n - 56. Let h be a(-7). Let b = h + -922. What is the units digit of b?
4
Suppose -43*w = 26*w - 4210173. What is the units digit of w?
7
Suppose -4*h = -3*u + 17, 2*h - 1 = -3*u - 2*h. Suppose y + 5*w = 5*y + 32, 3*y + u*w = -24. What is the hundreds digit of (-34 - 6)*22/y?
1
Let h(n) = 189*n**3 + n**2 + 56*n - 12. What is the thousands digit of h(7)?
5
Let w(b) = 2*b**3 - 6*b**2 + 6*b - 20. Let p be w(6). Suppose -7*t + p + 132 = 0. What is the tens digit of t?
5
Suppose 4*i = 2*i - x - 41, 0 = 5*i - 4*x + 96. What is the tens digit of 423/6 - 10/i?
7
Suppose -54*h + 2769500 = 53*h + 460119. What is the hundreds digit of h?
5
Let s = 15295 - 11147. What is the thousands digit of s?
4
Suppose n = -3*k + 17165, -4*n + 21*k + 68694 = 16*k. What is the units digit of n?
1
Let q(j) = -3 + 32*j - 18*j - 13*j + 4. Let t(b) = 8*b - 13. Let h(m) = -q(m) + t(m). What is the units digit of h(6)?
8
Let c = 36757 - 23439. What is the hundreds digit of c?
3
Let d = -667 - -646. What is the units digit of (-38)/((-11)/(-22)*6/d)?
6
What is the tens digit of ((-2)/(-12)*-568)/(6/(-423))?
7
Let c = -34571 + 49808. What is the thousands digit of c?
5
Suppose -30*w + 52*w - 163966 = 0. What is the units digit of w?
3
Let u be 3 - -755 - (-1 - (-6 + 3)). Suppose -14*m + 21*m - u = 0. Let n = m - 91. What is the units digit of n?
7
Let h(q) = q + 48. Let t = -35 + 35. Let s be h(t). Let p = -46 + s. What is the units digit of p?
2
Let y = -45 - -48. Suppose 3*x + 801 = -y*v, 0 = 3*x + 2*v - 114 + 911. Let h = -144 - x. What is the units digit of h?
9
Suppose -3*i - 429 = -6*i. Suppose -1859 = 106*g - 275*g. Suppose -g*q = -i + 33. What is the tens digit of q?
1
Suppose -2987 = -9*b + 2629. What is the units digit of 17/(255/b)*10?
6
Let g(d) = 9*d - 88. Let t be g(13). Let j(k) = k**3 - 28*k**2 - 36*k + 208. What is the units digit of j(t)?
5
Let r = -819 - -380. Let v = r - -698. What is the hundreds digit of v?
2
Let y be -30*(-1 + 13)/(110/803). Let m = 4416 + y. What is the hundreds digit of m/36*3/1?
1
Let x = -2009 + 835. Let a = x - -2102. What is the tens digit of a?
2
What is the units digit of (1889 - -40)*((-42)/27)/(4/(-6))?
1
Suppose -8*w + 0*w + 1512 = 0. Suppose 3*b - 2*i - w = 0, -4*b - 5*i = -0*i - 229. What is the units digit of b?
1
What is the hundreds digit of 35794/(0 + -1)*(-13)/(-78)*-3?
8
Let l be 20*(3 + -6 + 14/4). Let t be (-2)/(-5)*l/2. Suppose 30 = 2*j - j + t*y, -2*j + 60 = -y. What is the tens digit of j?
3
Suppose 249*s + 4*t - 14544 = 245*s, 35 = 5*t. What is the hundreds digit of s?
6
Let z(w) = -6*w + 204. Let y be z(32). What is the tens digit of 71*(5/(-15) + y/9)?
7
Suppose d - 50110 = -5*s + 22492, 2*d + s = 145240. What is the tens digit of d?
2
Let f be (-3 - 2) + 2 + 6. Suppose f*q + 289 = 3139. What is the tens digit of q?
5
Let d = 1007 - 63. Suppose -d = -3*a + 4*k, 3 = 6*k - 3*k. Let f = -203 + a. What is the tens digit of f?
1
Suppose -11*a - 10887 = 8*a. Let z = -344 - a. What is the tens digit of z?
2
Let v(t) be the third derivative of 13*t**2 - 5/6*t**4 + 0*t - 10/3*t**3 + 0. What is the units digit of v(-7)?
0
Let y(z) = 35*z**2 - 6*z - 143. What is the hundreds digit of y(-6)?
1
Let w(f) = 631*f - 33. Let y(n) = 2. Let v(m) = -w(m) - 2*y(m). What is the units digit of v(-1)?
0
Let c = -335 - -307. What is the hundreds digit of c/(-8)*(4 + (-1640)/(-7))?
8
Let x = -10698 - -42733. What is the hundreds digit of x?
0
Let p = 18328 + -17035. What is the units digit of p?
3
Let a be (10/4)/(-5) + 1650/(-4). Let n = 823 + a. What is the hundreds digit of n?
4
Suppose 2*z - 3*h - 26376 = 0, 58*z - 3*h = 57*z + 13182. What is the hundreds digit of z?
1
Let u = -196 - -1226. What is the tens digit of u?
3
Let h(c) = 10044*c**2 + 28*c + 1. What is the units digit of h(1)?
3
Let k = -41678 - -64744. What is the units digit of k?
6
Suppose -75*p - 14*p = -311322. What is the units digit of p?
8
Let t(j) = 6*j**3 - 3*j**2 + j + 1. Let v be t(1). Let o(y) = -y**3 + 7*y**2 - 7*y - 12. Let z be o(v). Suppose -10 = -z*u + 2. What is 